.
64
Calculate the greatest common factor of 366767 and 2824.
353
What is the highest common divisor of 75379 and 129?
43
What is the greatest common divisor of 68572 and 124?
124
Calculate the highest common divisor of 64031 and 22.
11
What is the highest common factor of 2232 and 990450?
558
Calculate the highest common factor of 1021790 and 14.
14
Calculate the greatest common factor of 3140 and 4.
4
Calculate the greatest common factor of 37664 and 1.
1
Calculate the greatest common factor of 1843 and 101947.
97
Calculate the highest common factor of 136016 and 16.
16
What is the greatest common factor of 33821 and 155?
31
Calculate the greatest common divisor of 36 and 134880.
12
What is the greatest common divisor of 1400 and 69475?
175
Calculate the greatest common divisor of 122163 and 6629.
947
What is the greatest common divisor of 1 and 207524?
1
What is the highest common divisor of 38875 and 2125?
125
What is the greatest common factor of 1364 and 660?
44
What is the highest common divisor of 15 and 136785?
15
What is the highest common factor of 817 and 338023?
43
What is the highest common divisor of 24 and 64623?
3
What is the highest common factor of 415 and 10126?
83
Calculate the greatest common divisor of 6734 and 26122.
74
What is the greatest common factor of 1833 and 57525?
39
Calculate the greatest common factor of 818070 and 9.
3
What is the highest common factor of 385 and 148190?
35
Calculate the highest common divisor of 404 and 205636.
404
What is the highest common divisor of 3010 and 188426?
602
Calculate the highest common divisor of 2044 and 43216.
292
What is the greatest common divisor of 3254 and 24?
2
Calculate the greatest common factor of 1505 and 33187.
7
What is the highest common divisor of 304 and 13718?
38
Calculate the greatest common factor of 5568262 and 686.
686
What is the greatest common divisor of 12618 and 4?
2
What is the highest common divisor of 12258 and 270?
54
What is the greatest common factor of 3852009 and 54?
27
What is the greatest common factor of 72 and 5157?
9
Calculate the greatest common divisor of 322 and 101913.
161
Calculate the greatest common divisor of 409618 and 3784.
946
What is the greatest common factor of 3 and 114591?
3
Calculate the greatest common divisor of 61558 and 896.
14
What is the highest common factor of 3550 and 52650?
50
What is the highest common divisor of 24598 and 1813?
49
What is the highest common factor of 154925 and 55?
5
What is the greatest common factor of 1066 and 31734?
82
What is the greatest common divisor of 1325577 and 143?
11
What is the greatest common factor of 4646 and 463186?
202
Calculate the highest common factor of 6880 and 23780.
20
Calculate the highest common factor of 33143 and 1969.
11
Calculate the greatest common divisor of 18 and 483678.
18
What is the greatest common divisor of 50292 and 2277?
99
Calculate the greatest common divisor of 3101 and 290165.
443
Calculate the greatest common factor of 79706 and 22.
22
What is the highest common factor of 9 and 11337?
3
Calculate the greatest common factor of 1971 and 549.
9
Calculate the highest common divisor of 3873 and 30.
3
Calculate the highest common factor of 112 and 30256.
16
Calculate the highest common factor of 6093 and 1017.
9
What is the greatest common divisor of 32720 and 20041?
409
What is the highest common factor of 1030 and 71894?
206
Calculate the greatest common factor of 37632 and 714.
42
Calculate the highest common divisor of 123 and 78187.
41
What is the highest common divisor of 41003 and 3537?
131
What is the highest common factor of 84 and 78148?
28
What is the highest common factor of 1 and 25357?
1
What is the highest common divisor of 2464 and 644?
28
Calculate the highest common divisor of 2955 and 6.
3
What is the highest common factor of 58 and 14?
2
Calculate the greatest common divisor of 75819 and 22686.
597
What is the highest common factor of 2795 and 8495?
5
Calculate the highest common factor of 960 and 1472.
64
Calculate the greatest common factor of 182 and 1285606.
14
Calculate the greatest common divisor of 321 and 36166.
107
Calculate the highest common factor of 21437 and 3536.
221
What is the highest common factor of 516 and 53234?
86
Calculate the highest common divisor of 1352 and 27378.
338
Calculate the highest common divisor of 3675125 and 125.
125
What is the greatest common divisor of 19988 and 16948?
76
What is the greatest common factor of 115 and 291433?
23
Calculate the highest common factor of 2766300 and 100.
100
Calculate the highest common factor of 17119 and 476.
17
What is the greatest common factor of 129 and 3?
3
What is the greatest common divisor of 24 and 224008?
8
Calculate the greatest common divisor of 1111740 and 108.
12
Calculate the greatest common factor of 1269114 and 1804.
902
Calculate the highest common factor of 480 and 38560.
160
Calculate the highest common divisor of 3857 and 836.
19
What is the highest common divisor of 160366 and 362?
362
Calculate the greatest common divisor of 7870 and 1536224.
1574
What is the highest common factor of 360 and 667752?
24
What is the highest common factor of 1470 and 100205?
245
Calculate the highest common factor of 18976 and 80.
16
Calculate the highest common divisor of 1949384 and 32.
8
Calculate the highest common divisor of 3 and 262950.
3
Calculate the highest common divisor of 290492 and 8.
4
Calculate the highest common divisor of 75952 and 159984.
1616
What is the greatest common factor of 11 and 13347521?
11
What is the highest common divisor of 11637 and 72?
9
Calculate the greatest common divisor of 109559 and 89.
89
Calculate the highest common divisor of 171 and 87993.
9
Calculate the highest common divisor of 24 and 8492808.
24
Calculate the greatest common divisor of 81 and 775809.
9
What is the highest common divisor of 24540 and 660?
60
Calculate the greatest common divisor of 40 and 390990.
10
What is the greatest common divisor of 45 and 249462?
9
Calculate the greatest common divisor of 1220 and 28540.
20
What is the greatest common divisor of 107872 and 64?
32
Calculate the highest common divisor of 285 and 45.
15
What is the highest common divisor of 376 and 524332?
188
Calculate the highest common divisor of 565 and 151985.
565
Calculate the highest common divisor of 100087 and 52.
13
What is the highest common divisor of 804 and 326156?
268
What is the greatest common factor of 136 and 177956?
68
What is the highest common factor of 802554 and 6?
6
Calculate the greatest common factor of 24 and 319596.
12
Calculate the highest common factor of 39860 and 12.
4
Calculate the greatest common factor of 37808 and 8.
8
What is the highest common divisor of 5 and 26665?
5
What is the greatest common factor of 385 and 12485?
55
Calculate the highest common factor of 9260 and 250.
10
Calculate the highest common divisor of 189675 and 6.
3
Calculate the highest common factor of 152949 and 459.
51
What is the greatest common divisor of 363 and 699259?
121
Calculate the greatest common divisor of 17396 and 156.
4
What is the greatest common factor of 685 and 5069?
137
Calculate the greatest common factor of 23575 and 615.
205
What is the highest common factor of 105 and 26005?
35
What is the highest common factor of 188549 and 1227?
409
Calculate the greatest common divisor of 4886 and 16.
2
What is the highest common factor of 135 and 157680?
135
What is the highest common divisor of 24700 and 800?
100
What is the highest common factor of 744 and 348?
12
Calculate the highest common factor of 579 and 1406391.
579
What is the highest common divisor of 13940 and 7872?
164
Calculate the highest common factor of 2 and 23284.
2
What is the highest common factor of 52644 and 856?
428
Calculate the greatest common factor of 336 and 77.
7
What is the greatest common factor of 80 and 3335?
5
Calculate the highest common factor of 2646 and 8694.
378
What is the greatest common factor of 8242 and 19760?
26
Calculate the highest common divisor of 350 and 525.
175
What is the highest common divisor of 63056 and 112?
112
Calculate the highest common divisor of 18494 and 826.
14
Calculate the highest common divisor of 520 and 48256.
104
Calculate the